 and 516.
12
Calculate the greatest common factor of 1351180181 and 19942.
9971
What is the highest common divisor of 9805 and 293724463?
1961
What is the highest common factor of 6906 and 33114?
6
Calculate the greatest common divisor of 15440 and 257656544.
3088
What is the greatest common divisor of 24228 and 71784?
36
What is the greatest common divisor of 427 and 6609029?
7
What is the highest common factor of 79434 and 3537?
27
Calculate the greatest common factor of 53131288 and 11270.
2254
Calculate the highest common factor of 1227728 and 512.
16
Calculate the highest common divisor of 9716986 and 14.
2
What is the highest common divisor of 155856924 and 690?
138
What is the highest common divisor of 748 and 39874197?
187
Calculate the highest common factor of 162736 and 345240.
56
Calculate the highest common factor of 3445633 and 12002.
353
What is the greatest common divisor of 1612311348 and 152?
76
What is the highest common divisor of 239141728 and 196?
28
What is the greatest common divisor of 5406155 and 20?
5
What is the greatest common divisor of 1351 and 55422073?
1351
Calculate the greatest common factor of 712 and 730156.
356
What is the greatest common divisor of 4740365 and 20349?
119
What is the greatest common divisor of 566964 and 1692?
36
Calculate the greatest common factor of 2321597 and 164243.
4439
Calculate the highest common factor of 259 and 10142551.
37
What is the greatest common divisor of 1359 and 747?
9
Calculate the greatest common factor of 306732710 and 145.
145
What is the highest common divisor of 2134580 and 424214?
2702
What is the highest common divisor of 2720 and 779892?
68
Calculate the highest common divisor of 84412654 and 122.
122
Calculate the highest common factor of 46735892 and 8946.
994
Calculate the highest common divisor of 1702 and 27242396.
46
What is the highest common divisor of 8165 and 1113280?
355
Calculate the highest common factor of 56801 and 542845.
719
What is the highest common divisor of 6830790 and 115?
5
Calculate the highest common factor of 109858888 and 56.
8
Calculate the greatest common divisor of 56759 and 9495.
211
What is the highest common factor of 1296 and 149555808?
1296
Calculate the greatest common divisor of 670 and 1252913668.
134
What is the greatest common divisor of 3909 and 98084628?
3909
Calculate the greatest common factor of 16808801 and 354059.
6001
What is the highest common divisor of 3024 and 2813104?
112
What is the greatest common divisor of 8329372 and 5548?
76
What is the highest common divisor of 2159725 and 500?
25
Calculate the highest common factor of 44851846 and 377.
13
Calculate the highest common factor of 149056 and 14956838.
4658
What is the highest common divisor of 6740 and 4627684?
1348
Calculate the greatest common factor of 807 and 813201.
3
What is the greatest common divisor of 5849476 and 79?
79
What is the greatest common divisor of 254069 and 21257?
29
What is the greatest common factor of 1977679 and 315568?
1793
What is the highest common divisor of 60325 and 120517?
19
What is the highest common factor of 229618152 and 2512?
1256
Calculate the greatest common divisor of 236 and 28283302.
118
What is the highest common divisor of 218583501 and 8109?
2703
Calculate the highest common divisor of 180 and 3537460.
20
Calculate the highest common factor of 897912 and 2502.
18
Calculate the highest common factor of 63011977 and 131341.
4529
Calculate the highest common factor of 9968 and 667184.
112
Calculate the greatest common divisor of 11555376 and 2352.
2352
Calculate the greatest common divisor of 701983 and 67712.
529
Calculate the greatest common factor of 22715 and 2973355.
385
What is the highest common factor of 182 and 10069241?
91
Calculate the highest common factor of 141 and 54033.
3
Calculate the greatest common factor of 37555 and 146336813.
7511
What is the greatest common factor of 487928 and 27384?
56
Calculate the greatest common factor of 20828 and 283064.
164
Calculate the highest common factor of 5114928 and 1040.
208
Calculate the highest common factor of 5891975 and 50.
25
What is the highest common divisor of 6 and 33434378?
2
What is the greatest common divisor of 69079510 and 822?
274
What is the greatest common divisor of 2510871 and 4719?
363
What is the greatest common divisor of 13952 and 4720136?
872
What is the highest common factor of 4646915 and 1157?
13
Calculate the highest common factor of 5098076 and 404.
404
What is the greatest common factor of 20928 and 56388?
12
What is the highest common factor of 320578032 and 6078?
6078
Calculate the highest common divisor of 23450319 and 246.
123
Calculate the highest common factor of 179930384 and 2784.
464
Calculate the highest common divisor of 650 and 1696837350.
650
Calculate the highest common divisor of 878641615 and 10.
5
Calculate the highest common factor of 669052865 and 390.
65
What is the greatest common factor of 425449 and 28261?
59
What is the greatest common factor of 305702336 and 320?
64
Calculate the highest common divisor of 129655755 and 795.
795
Calculate the highest common divisor of 332279 and 117531.
1451
Calculate the greatest common divisor of 589897 and 532322.
329
What is the highest common factor of 82528936 and 56?
56
Calculate the greatest common divisor of 150850842 and 42.
6
Calculate the highest common factor of 51484 and 940393873.
12871
What is the highest common divisor of 6912 and 6897609?
27
Calculate the greatest common divisor of 5586 and 2130324.
294
What is the highest common divisor of 11212656 and 624988?
6188
What is the greatest common divisor of 1565337753 and 2324?
581
What is the highest common divisor of 23475946 and 117?
13
What is the highest common divisor of 906750 and 43290?
1170
What is the highest common divisor of 1000 and 749875?
125
Calculate the greatest common factor of 23516 and 175260.
4
Calculate the greatest common factor of 24366172 and 12588.
4196
What is the greatest common divisor of 2406 and 155682636?
2406
Calculate the highest common factor of 43981014 and 5796.
966
What is the greatest common divisor of 7498368 and 65412?
828
What is the highest common divisor of 8672 and 109328?
16
What is the greatest common divisor of 39154115 and 1155?
385
Calculate the greatest common factor of 1010 and 6783362.
202
What is the highest common factor of 227503 and 19339?
83
What is the highest common divisor of 1770 and 16984035?
885
What is the highest common divisor of 501 and 5658?
3
What is the greatest common factor of 37544 and 3574376?
104
What is the highest common divisor of 2650293 and 23825?
953
Calculate the greatest common factor of 6305 and 68193425.
485
Calculate the greatest common divisor of 187450 and 4670.
10
What is the greatest common factor of 479 and 1492181279?
479
Calculate the greatest common factor of 116438433 and 356.
89
What is the highest common divisor of 49584 and 68754414?
6198
Calculate the highest common factor of 287 and 469246763.
41
Calculate the highest common factor of 14195993 and 203.
203
Calculate the greatest common factor of 136110 and 42510.
390
Calculate the highest common factor of 15130590 and 3630.
30
Calculate the greatest common factor of 1000 and 5577125.
125
Calculate the highest common divisor of 216 and 63056216.
8
Calculate the highest common divisor of 36 and 40189752.
36
Calculate the highest common factor of 308 and 60521153.
77
Calculate the highest common divisor of 9336699 and 6.
3
Calculate the greatest common divisor of 576 and 2327792.
16
What is the highest common divisor of 9268298 and 100006?
3226
What is the greatest common factor of 19 and 857686866?
19
Calculate the highest common factor of 263937 and 589275.
291
Calculate the greatest common divisor of 1743 and 383754.
21
What is the greatest common factor of 10500 and 1869?
21
Calculate the greatest common divisor of 17664 and 17536.
128
Calculate the greatest common factor of 148010 and 342596.
82
Calculate the highest common factor of 794525 and 30739.
521
Calculate the greatest common divisor of 510 and 1640430.
30
What is the highest common factor of 57864832 and 16242?
5414
What is the highest common divisor of 1835421788 and 436?
436
What is t